(0). Suppose -4*z + 69 = -j, s = 4*z - 0*z - 4*j. What is the remainder when 30 is divided by z?
12
Suppose 0 = 5*v - u - 188, 15 = -u - 4*u. Suppose 2*l + 2*b = 6*l - 38, -4*b = 5*l - 28. Calculate the remainder when v is divided by l.
5
Suppose -z + 114 = 2*g, -z - g + 169 = 55. Let k(f) = -f**3 + 6*f**2 - 4*f - 4. Let j be k(5). Calculate the remainder when z is divided by 30 + (j - 0 - 2).
27
Suppose 13*l - 17*l + 264 = 0. What is the remainder when 127 is divided by l?
61
Let c = -1 + 3. Suppose z + 4 = 3*z. What is the remainder when c is divided by (-18)/12*z/(-3)?
0
Suppose -3*m - u - 41 + 183 = 0, 0 = 4*m - 3*u - 172. What is the remainder when 459 is divided by m?
45
Let j = -33 + 18. Let n = 13 + j. Let w = n + 12. What is the remainder when 17 is divided by w?
7
Suppose -g + z = 4*g + 57, 3*g - z + 33 = 0. What is the remainder when 35 is divided by g/((4 - 16/6)/(-2))?
17
Suppose -25 - 26 = -3*j. Suppose -4*d - 63 = -v, 3*v = v - d + 171. What is the remainder when v is divided by j - (-5)/((-10)/(-8))?
20
Suppose 0 = 4*g + j + 15, -2*j - 16 = -5*g - 38. What is the remainder when (48/10 + g)/((-2)/(-70)) is divided by 10?
8
Let u(i) = i**3 + 7*i**2 + 4*i - 1. Suppose -3*g + 132 = -4*y, y + 25 = 3*g - 134. Calculate the remainder when g is divided by u(-5).
27
Suppose -g - 199 + 0 = -3*p, -3*p = -3*g - 195. Suppose -5*c + 4*i + 97 = 0, -3*c = 6*i - i - 36. Calculate the remainder when p is divided by c.
16
Suppose 32*o - 10036 = 5100. What is the remainder when o is divided by 14?
11
Let n be 2/1 + (-1)/(-1). Suppose -5*s - 155 = -2*t - 2*t, 0 = t - n*s - 44. Calculate the remainder when t is divided by 12.
11
Let d(f) = 11*f + 35. Let n be d(-12). Let w = n - -190. Calculate the remainder when w is divided by 0 + 1 - 23*-1.
21
Calculate the remainder when (416/(-28))/(-6 - 240/(-42)) is divided by 19.
14
Let z be (-1)/(-2 + 9/4). Let k be (0 - 10/z)*2. Calculate the remainder when 88/k + (-8)/(-20) is divided by 10.
8
Suppose 2*z = -4*f + 78, 0 = -z + f - 0*f + 30. Let s = -7 - -13. Calculate the remainder when z is divided by s.
3
Let o(y) be the third derivative of 5*y**4/12 - 13*y**3/6 + 25*y**2. Calculate the remainder when o(2) is divided by 6.
1
Calculate the remainder when 69 is divided by 130/845 + 466/13.
33
Suppose 4*m - 76 = 2*x, 3*m - x - 57 = -5*x. Let b(p) = 11*p + 19. Let z be b(13). Suppose -4*a - 22 = -z. What is the remainder when a is divided by m?
16
Let f = 126 - 120. Suppose -4 - 488 = -f*q. What is the remainder when q is divided by 42?
40
Calculate the remainder when ((-2268)/(-45))/(10/75) is divided by 38.
36
Let o = 185 - 174. What is the remainder when 61 is divided by o?
6
Let f = 6797 - 6727. Let o(b) = -b - 11. Let c be o(-6). Let k(r) = -4*r + 4. Calculate the remainder when f is divided by k(c).
22
Let u be (-3 + 1)/2 + 1. Suppose u = 3*g - 33 - 21. Let i = 1142 + -1131. What is the remainder when g is divided by i?
7
Let t(y) = -y**3 + 2*y**2 - 1. Let v be t(-1). Suppose 5*l + k = 4*k + 22, v*k - 2 = 0. Calculate the remainder when 11 is divided by l.
1
Let q = -1202 + 1238. What is the remainder when 1043 is divided by q?
35
Let s be 165*(2 + 1)/9. Let d be (-10)/s + (-70)/(-22). Suppose d*w - 94 = 44. What is the remainder when w is divided by 12?
10
Suppose -7*l = -8*l + 48. Let r = -32 + l. Suppose -10*z - 828 = -28*z. What is the remainder when z is divided by r?
14
Let u be 2/8 + 5/(-4)*-3. Suppose -u*p + 8*p = 5*v + 93, 4*v + 4 = 0. Calculate the remainder when p is divided by 13.
9
Let d(h) = 4*h**2 - 5*h + 3. Let c be d(-2). Suppose -8*f + 11 = -c. What is the remainder when 2/(-1*2/(-18)) is divided by f?
3
Suppose -8*h = -6*h + 20. What is the remainder when (28/h)/(4/(-30)) is divided by 6?
3
Let v be ((-9)/(-15))/((-4)/100). What is the remainder when 28 is divided by ((-20)/(-12))/(2/((-108)/v))?
4
Let j = 265 + -551. Let w = j + 419. What is the remainder when w is divided by 34?
31
Suppose 4*q - 35 = -5*r, 0 - 7 = q - 4*r. Let m(h) = -3*h + 3 - 3 + 5*h. What is the remainder when 59 is divided by m(q)?
9
Let y = 503 + -427. What is the remainder when y is divided by 34?
8
Suppose 4*n - 3*x = 43, 7*n + 2*x = 2*n + 48. Calculate the remainder when (-2)/(4*4/(-152)) is divided by n.
9
Let c(n) be the first derivative of -n**4/4 + 7*n**3/3 + 8*n - 6. Let b be c(6). Suppose 4*y - 24 - b = 0. Calculate the remainder when 32 is divided by y.
15
Suppose -24 = -12*k + 16*k. Calculate the remainder when 8 is divided by (2/k)/((-4)/60).
3
Let x(i) = 3*i + 1. Let n(q) = -q**2 - 5*q - 1. Let g be n(-5). Let y be x(g). What is the remainder when 49 is divided by (-17)/((1 - y)/(-3))?
15
Let f(x) = -8*x + 198. What is the remainder when f(-14) is divided by 78?
76
Let q be 4/(-4*1/(-2)). Suppose q*k = 13 + 7. Let y(l) = l**3 - 13*l**2 + 3. Calculate the remainder when k is divided by y(13).
1
Let z(r) = -3*r**3 + 18*r**2 + 5*r - 7. Calculate the remainder when 43 is divided by z(6).
20
Calculate the remainder when 0/(-4) + (-3)/9*-381 is divided by 13.
10
Let t(x) = -x - 4. Let n be t(-4). Suppose 3*m + m - 72 = n. Let v = 127 + -76. Calculate the remainder when v is divided by m.
15
Let z = 70 - 70. Suppose -s + 22 = p, s - 4 + 2 = z. Calculate the remainder when 117 is divided by p.
17
Suppose 0*j + 2*j - 52 = 0. Let s = 17 - 3. What is the remainder when j is divided by s?
12
Suppose 10 = 129*u - 128*u. What is the remainder when 15 is divided by u?
5
Suppose -2*t + 2 = -2. Suppose 7*z - 85 = t*z. Let w = z + -10. Calculate the remainder when w is divided by 2.
1
Let d = 17 - 22. Let w(o) be the second derivative of o**4/12 + o**3/2 + o**2 + o. Calculate the remainder when 21 is divided by w(d).
9
Suppose 1794 = 32*h + 14*h. What is the remainder when 96 is divided by h?
18
Suppose 5 = w + 3. Suppose 0 = q + 2*u - 4, 4*u + 32 + w = q. Suppose -4*v = 3*r + v - 185, 4*r = 4*v + 204. Calculate the remainder when r is divided by q.
13
Suppose -w = 5*n - 33, 2*w + 18*n + 4 = 22*n. What is the remainder when 245 is divided by w?
5
Let m(b) = -b**3 - 49*b**2 - 184*b - 174. Suppose 56 = 5*d - 54. What is the remainder when d is divided by m(-45)?
4
Suppose -5*g + 27 = 3*h, 5*g - 3*h = -h + 32. What is the remainder when 69 is divided by g?
3
Let b(l) = l**2 - 9. What is the remainder when b(8) is divided by 15?
10
Let d(l) = -15*l**3 - l. Let x be 3*(-4 + -3 + 6)/3. Let m(p) = 8*p - 1. Calculate the remainder when m(6) is divided by d(x).
15
Suppose -2*r = -o + 187, -3*o + 5*r = -449 - 115. What is the remainder when o is divided by (2/3)/(31/1302)?
25
Suppose -5*z + 7 = -4*q, 4*q + 1 = -0*q + 3*z. Let c = 19 + q. Let x(a) = a + 21. Calculate the remainder when c is divided by x(-9).
9
Calculate the remainder when 196/(-56)*124/(-7) is divided by ((-9)/(-2))/(2/4).
8
Let f(l) = -59*l**3 + 3*l + 4. Let s(r) = -2*r - 13. Calculate the remainder when f(-1) is divided by s(-11).
6
Let r = 31 - 31. Suppose 4*h + 7*h - 429 = r. What is the remainder when h is divided by 14?
11
Let p be -1 + 597 - 18/9. Suppose 0 = -10*w - 104 + p. Calculate the remainder when w is divided by 27.
22
Calculate the remainder when 2073/18 - 10/(-12) is divided by 33.
17
Suppose 5*x + y - 55 = 0, 4*x = 5*y + 42 + 2. Calculate the remainder when 791 is divided by x.
10
Let y(t) = -t**3 - 10*t**2 - 9*t + 11. Suppose -29 = 6*h + 25. Calculate the remainder when 1*14*6/4 is divided by y(h).
10
Suppose -7*o = -4*o - 15. Suppose 7*n = -o*n + 96. Calculate the remainder when 29 is divided by n.
5
Suppose -j - 4*n + n = -7, 5*j + 4*n = 57. Let a(i) = -27*i + 1. Let r be a(-1). Suppose 7 = -3*l + r. What is the remainder when j is divided by l?
6
Suppose 160 = n - 5*p - 20, 0 = 2*p + 2. Calculate the remainder when n is divided by (0 - 1) + (25 - 2).
21
Let h = -1100 + 1125. Let x(a) be the first derivative of -a**3/3 + 3*a**2 + 4*a - 2. Calculate the remainder when h is divided by x(5).
7
Let j = 3 + 0. Suppose -2*u + 160 = j*u. Suppose l - 6 = -5*x - 2, -x = 3*l - 26. Calculate the remainder when u is divided by l.
5
Let h(n) = 2*n + 12. Let s be h(-8). Let w be s/(-2 + 6)*-4. Suppose j = -3*i + 128 + 77, w*j + 64 = i. What is the remainder when i is divided by 18?
14
Suppose w = 2*w - 62. Let o = -1975 + 1988. Calculate the rema